e -5*y + 7 = k, 0*k + 3 = -k. Suppose h + n - 215 = 0, y*h + 2*n = h + 216. Let j = -153 + h. What is the tens digit of j?
6
What is the units digit of ((-16)/(-8) - 7)/((-11)/7667)?
5
Let n(p) = -6*p - 5. Let u = -84 - -68. What is the units digit of n(u)?
1
Let l = 464 - 249. Suppose 218*h - l*h = 33. What is the units digit of h?
1
Let r = 487 + -249. Let a be 2/12 - 92/(-24). Suppose a*z = r - 90. What is the tens digit of z?
3
Let r(m) = 62705*m**2 + 1089*m + 1. What is the thousands digit of r(-1)?
1
Let y(m) = -m**3 + 3*m**2 + 10*m - 3. Let d = 51 + -46. Let g be y(d). What is the units digit of 1/3 - 263/g?
8
Let c = -7489 - -8857. What is the hundreds digit of c?
3
Suppose 8*i + 1 = 4*a + 7*i, -4*a - i = 9. Let q(h) = 765*h**2 + 7*h + 7. What is the tens digit of q(a)?
6
Let u(w) = 2*w**3 - 30*w**2 + 3. Let g be u(15). Suppose -3*d = g*j - 42 - 102, 5*j = -2*d + 225. What is the units digit of j?
3
Let r = -13852 + 19069. What is the hundreds digit of r?
2
Suppose -194*y + 201*y = 21. Suppose 4*c = -y*c + 4732. What is the units digit of c?
6
Let x be (-5 + 44/8)*(-1300)/(-5). What is the hundreds digit of (-484)/(-2) - 13/(x/(-10))?
2
Let q(c) = -c**3 + 25*c**2 + 4*c + 19. Let s(r) = 2*r - 30. Let p be s(17). Suppose 5*b + 4*l = 121, p*b - l + 3*l = 98. What is the units digit of q(b)?
9
Let d = 343 + -33. Let w = d + 143. Suppose -6*p - 57 + w = 0. What is the units digit of p?
6
Suppose -4*j + 12 = -o + 2*o, -8 = -2*o. Suppose 0 = j*a + 5*a - 84. Suppose -6*s + a*s = 456. What is the tens digit of s?
7
Let w(a) = -a**3 + 8*a**2 - 4*a - 15. Suppose -4*o = 5*g - 0 - 8, 3*g + 12 = 0. Let q be w(o). What is the tens digit of ((-6)/(-4))/(q/176)?
4
Suppose 17*k - 16*k = 2. Suppose 5*l - k*i = 187, i = 2*l - l - 35. What is the tens digit of l?
3
Let j = -1364 - -6258. What is the tens digit of j?
9
What is the ten thousands digit of 344428/10 + (-18 - -20)/10?
3
What is the thousands digit of -14*6/6*(-7179)/2*1?
0
Let h be (-6)/8 - (-110)/40. Let b be (h/(2 + 0))/(3/(-84)). What is the units digit of (-7)/(b/304) + 4?
0
Suppose 20*k = 135 - 35. Suppose k*r + 2*g = 5743, 3*r + 2*r = 3*g + 5723. What is the hundreds digit of r?
1
Suppose -860 = -3*z - n, -4*z = -n - 4*n - 1172. Let s be (-91)/39*-1*(1 + 2). Suppose -4*v = -s*v + z. What is the units digit of v?
6
Let b(r) = -279*r + 1365. What is the thousands digit of b(-24)?
8
Let u be 1*(-2)/(-2) + 2 + -1. Let k be 6/(-3) - u/((-4)/10). Suppose 3*v = -v + n + 141, 0 = -k*v + 5*n + 127. What is the tens digit of v?
3
Let o be (70/(-3) - 0)*216/180. Let t = 215 + o. What is the tens digit of t?
8
Let m(o) = -2*o**2 - 27*o - 27. Let i(a) = -a**2 - 27*a - 27. Let t(j) = 2*i(j) - 3*m(j). What is the units digit of t(-16)?
9
Let s = -19 + 27. Suppose s*t + 14 = t. What is the tens digit of ((-3)/t)/(42/1960)?
7
Let u be 3 + -7 + (-1 - -31) - -4. Suppose -32*c = -29*c - u. Suppose 4*s - c = 4*f + 10, 4*f = 2*s. What is the units digit of s?
0
Suppose 8*v - 14*v - 5292 = 0. Let k = v - -1738. What is the units digit of k?
6
Let c = 234 + -245. What is the tens digit of c/(-33) - 8/(-36)*417?
9
What is the thousands digit of (-103452)/(-40) + 75/(-250)?
2
Let y(k) = -7*k**3 - 38*k**2 - 7*k - 5. What is the tens digit of y(-7)?
8
Let g(h) = 40*h**2 - 16*h - 23. What is the hundreds digit of g(-2)?
1
Suppose -7*z - 8 + 491 = 0. Let h = 93 - z. What is the hundreds digit of h/(-18)*(-657)/6?
1
Let s(w) = 90*w**3 + 19*w - 10. What is the tens digit of s(4)?
2
Let v be (-526 - -1)*11/198*-6. Suppose g - v = -2. What is the hundreds digit of g?
1
Let j = -30 + -112. Let l = j - -238. Suppose -l = -7*p + 4*p + f, -2*f + 39 = p. What is the tens digit of p?
3
Suppose a - 2670 = 4*j, -2012 - 3313 = -2*a + 3*j. Suppose -q + 5*v = -677, -7*q - 5*v + a = -3*q. What is the units digit of q?
7
Suppose -20184 + 6072 = -14*o. Suppose 8*a - v = 4*a + o, 504 = 2*a + 2*v. What is the hundreds digit of a?
2
Suppose 3*z = -3*b - 195, 2*b + 3*z = -2*b - 258. Let n = -3 - b. Suppose 3*s - n = -s. What is the units digit of s?
5
Let f = 30865 + 20002. What is the ten thousands digit of f?
5
Let a = -22 + 19. Let q be 3/1 + 5805/(a + -2). What is the hundreds digit of q/(-15)*(2 - (-2)/4)?
1
Suppose -2*z = 4*z - 24. Suppose 836 = 3*x + z*t, 2*t + 202 = 2*x - 360. Suppose 3*m + x = -5*i + 1409, -4*i + 899 = m. What is the tens digit of i?
2
Suppose -13*y + 17064 = -10132. What is the hundreds digit of 21/(-28)*y/(-3)?
5
Let f(u) = -u**2 - 13*u + 4. Let s be f(-13). Let c(l) = 2*l + 79 + 88 - 174. What is the units digit of c(s)?
1
Let u = -1949 + 1237. Let q = -350 - u. What is the tens digit of q?
6
Suppose -149*a + 393 = -148*a. Let w = -77 + a. What is the units digit of w?
6
Suppose -193*x + 198*x - 15 = 0. Suppose 0 = -x*d - 3*t + 455 + 2200, 1772 = 2*d + 4*t. What is the units digit of d?
4
Let h(o) = -o**3 + 4*o**2 + 11*o + 20. Let l be h(6). Suppose l*y + 1893 - 6807 = 0. What is the units digit of y?
1
Suppose -3*a = 2*a + 20, -4*x - 3*a + 1736 = 0. Suppose 9*z = x + 6826. What is the tens digit of z?
0
Suppose -38 = -5*b + 7. Let o be ((-552)/b)/(1*(-1)/(-3)). What is the tens digit of ((-6)/4)/(4/o)?
6
Let b be (8 + (-50)/4)/(1/(-510)). Suppose 0 = 4*f + 3*i - 5472 + 897, 2*f - b = -3*i. What is the units digit of f?
0
Let r(h) = 7*h**2 - 36*h + 10. Let s be r(5). Suppose 2*o = p + 2166, 7 = 3*p - s. What is the tens digit of o?
8
Suppose 0 = -5*z + 4*m + m + 25, 5*m + 25 = 0. Suppose -5*x + 5*v + 2315 = z, -x + 3*v + 650 = 193. What is the units digit of x?
6
Let r(c) = 3*c**2 + 5*c + 157. Let x(b) = -b + 2. Let z(h) = r(h) + 6*x(h). What is the tens digit of z(-11)?
4
Suppose 0 = 87*w - 33*w + 1890. Suppose 3*f + 0*f + 318 = 0. Let q = w - f. What is the units digit of q?
1
Let r be (-3104)/(-2) + 9 + -8. Suppose -3*k = -t - 3*t - 926, 5*k + 3*t = r. What is the units digit of k?
0
Let x(i) be the second derivative of -i**5/20 - 5*i**4/3 + 25*i**3/6 - 87*i**2/2 - 2*i + 2. What is the tens digit of x(-22)?
3
Suppose 25 = -g + r, r = 2*g + 35 + 20. What is the hundreds digit of (-29720)/g - (-6)/(-9)?
9
Suppose 3*t = 5*b + 5*t - 54, 3*b - 4*t - 22 = 0. Suppose 23*v - b = 18*v. Suppose 2*u = -3*j + 12 + 45, -51 = -v*u - j. What is the tens digit of u?
2
Let n(r) = -12*r**3 - 78*r**2 + 23*r + 21. What is the units digit of n(-10)?
1
Let y = 721 + -358. Suppose -41*f + y = -38*f. What is the tens digit of f?
2
Let i(g) = 250*g + 7788. What is the hundreds digit of i(93)?
0
Let t = 134141 + -69487. What is the thousands digit of t?
4
Suppose -7*v - 17488 = -2018. Let y be v/(-2) - 2*(-15)/10. Suppose 0*x + y = 4*x. What is the tens digit of x?
7
Let f(z) = 2*z**3 - 3*z**2 + 14*z - 6. Let b be f(7). Let q = 1008 - b. What is the tens digit of q?
7
Let h = -1298 + 1843. Suppose 2*v - h = -3*v. Suppose 0 = -m - 3*i + v, -i + 56 - 267 = -2*m. What is the tens digit of m?
0
Let x(y) = 81*y**2 - 19*y + 13. Let n(s) = -37*s**2 + 9*s - 6. Let h(i) = 13*n(i) + 6*x(i). Suppose -6*m + m = 35. What is the hundreds digit of h(m)?
2
Let y(b) = 2383*b**2 + 37*b - 118. What is the tens digit of y(3)?
4
Let n(q) = -5 + q**3 - q**2 + 10*q**2 - q + 0*q**3. Let t be n(-7). Suppose 18*y - 16*y = t. What is the units digit of y?
0
Let c = 20995 + -9736. What is the units digit of c?
9
Let i = -7405 + 19852. What is the thousands digit of i?
2
What is the hundreds digit of 13*-1 - (26 + -25206)?
1
Let a(r) be the second derivative of -10*r**3/3 - 281*r**2/2 - 64*r. What is the tens digit of a(-23)?
7
Let u(v) = 61*v**3 - v**2 + 68*v - 191. What is the tens digit of u(3)?
5
Let x be 5 + (-4 - 4) - -122. Let p = -119 + x. Suppose -o = -5*b + 519, b + p*o - 106 = -2*o. What is the tens digit of b?
0
Let t(a) = 3*a + 323*a**2 + 7 - 632*a**2 - 5*a + 310*a**2. Suppose 0 = -5*u - h - 21 - 9, 0 = 3*u + 4*h + 18. What is the tens digit of t(u)?
5
Suppose k = -0*k. Suppose -30 = -4*i - k*d + 3*d, 0 = 4*d + 8. Suppose -664 = -i*u - 2*u. What is the units digit of u?
3
Suppose -6*q = 2*q - 32. Suppose -q*n = -2*h + 160, 2*h = 4*h - 3*n - 159. What is the units digit of h?
8
Let p = 11167 + -3696. What is the thousands digit of p?
7
Suppose 0 = 261*x - 1154256 - 449762 - 6270091. What is the hundreds digit of x?
1
What is the thousands digit 